site number?
False
Is 205626749 a composite number?
True
Is 1144757 prime?
True
Is 178308841 a composite number?
False
Is 1829389 a composite number?
False
Is 1708607 composite?
False
Is 14630311 composite?
False
Is 199517 a prime number?
False
Is 54722621 a prime number?
True
Is 1617665027 composite?
True
Is 34878839 prime?
True
Is 36467831 prime?
True
Is 132206119 composite?
False
Is 4512551 prime?
True
Is 525685 composite?
True
Is 8681623 a prime number?
True
Is 12695905 composite?
True
Is 285463793 a composite number?
False
Is 22027759 a composite number?
True
Is 276311579 composite?
False
Is 16392323 composite?
True
Is 93589259 prime?
False
Is 803587 a composite number?
False
Is 5749019 a prime number?
False
Is 3754886 a composite number?
True
Is 51487627 a prime number?
True
Is 327689 composite?
False
Is 313789211 a prime number?
True
Is 5110055 a prime number?
False
Is 1243739 prime?
False
Is 216919687 composite?
False
Is 12139979 prime?
True
Is 255533321 composite?
True
Is 8111531 a composite number?
False
Is 33176057 a composite number?
True
Is 50168731 prime?
True
Is 110300501 a prime number?
True
Is 85240466 prime?
False
Is 6427639 composite?
False
Is 90787 a prime number?
True
Is 3803465 a composite number?
True
Is 4570655 a prime number?
False
Is 3521867 a composite number?
False
Is 12375499 prime?
True
Is 2244881 a composite number?
False
Is 374843741 prime?
True
Is 2011829 composite?
True
Is 1709173 a composite number?
True
Is 32219129 composite?
False
Is 550757 a composite number?
False
Is 365130547 prime?
True
Is 731413 a prime number?
True
Is 63628934 a prime number?
False
Is 39829841 composite?
False
Is 11020039 composite?
False
Is 26380751 prime?
True
Is 917359 prime?
False
Is 198545393 composite?
False
Is 50230483 a composite number?
False
Is 6692795 a composite number?
True
Is 1690649 a composite number?
True
Is 144118763 a composite number?
False
Is 4398173 composite?
True
Is 2459641 prime?
False
Is 1426039 prime?
False
Is 1394563 a composite number?
True
Is 26906771 prime?
True
Is 769286737 a prime number?
False
Is 313529551 a prime number?
True
Is 1508523 composite?
True
Is 319313 a composite number?
False
Is 4161709 prime?
False
Is 15503479 a prime number?
False
Is 182658163 a composite number?
True
Is 107650861 a prime number?
False
Is 10486747 a composite number?
True
Is 1661921 composite?
True
Is 18746281 a composite number?
False
Is 136619621 a composite number?
False
Is 20539438 a composite number?
True
Is 11550341 a composite number?
True
Is 213752389 prime?
True
Is 8448157 composite?
False
Is 125046329 composite?
False
Is 9359237 a composite number?
False
Is 4006229 composite?
False
Is 416149527 prime?
False
Is 314309327 prime?
True
Is 3131783 composite?
True
Is 751601119 prime?
True
Is 2821127 composite?
True
Is 6482351 a prime number?
True
Is 1331453 a composite number?
True
Is 59536067 composite?
False
Is 140823773 composite?
True
Is 232787 a prime number?
False
Is 88112269 a composite number?
True
Is 120323201 a composite number?
False
Is 544381 a composite number?
True
Is 44309389 a prime number?
False
Is 1860557 a composite number?
True
Is 37206415 prime?
False
Is 45497603 prime?
True
Is 9832003 a prime number?
True
Is 156410069 prime?
True
Is 11089931 a prime number?
True
Is 16494701 a prime number?
False
Is 13257911 a composite number?
True
Is 1937027 a composite number?
False
Is 44024699 a prime number?
False
Is 2165435 prime?
False
Is 684049 prime?
False
Is 4204589 composite?
True
Is 624017 a prime number?
False
Is 548419 prime?
False
Is 2305031 a prime number?
False
Is 286093 a composite number?
True
Is 31360009 prime?
False
Is 6689323 prime?
True
Is 30734887 a prime number?
False
Is 81119 prime?
True
Is 17361951 composite?
True
Is 471521 prime?
True
Is 206111797 composite?
True
Is 7695965 a composite number?
True
Is 2347087 a prime number?
False
Is 40657157 a prime number?
False
Is 197097847 prime?
False
Is 21316091 a composite number?
False
Is 32421593 a prime number?
True
Is 7737451 a composite number?
False
Is 219715499 a prime number?
True
Is 19004263 a prime number?
False
Is 3569939 a composite number?
False
Is 90058693 a prime number?
False
Is 4556099 prime?
True
Is 5466743 a composite number?
True
Is 8396617 a prime number?
True
Is 56506493 a prime number?
True
Is 7449151 a prime number?
True
Is 250121 a prime number?
False
Is 13071241 prime?
True
Is 8619623 a composite number?
False
Is 149813899 prime?
False
Is 29030059 composite?
False
Is 10437223 a prime number?
True
Is 10699539 prime?
False
Is 2917357 a composite number?
False
Is 462514121 a composite number?
True
Is 10316179 prime?
True
Is 74753773 a prime number?
True
Is 241291 composite?
False
Is 2901763 a prime number?
False
Is 396509 a prime number?
True
Is 1310035 composite?
True
Is 46519063 composite?
False
Is 915958 prime?
False
Is 119884001 a prime number?
False
Is 6530177 prime?
True
Is 1525093 prime?
True
Is 124895179 prime?
False
Is 5826701 a prime number?
True
Is 3163357 composite?
False
Is 157275967 a composite number?
False
Is 19804717 prime?
True
Is 28619974 prime?
False
Is 104724853 a composite number?
False
Is 49771243 prime?
True
Is 994448633 composite?
False
Is 27920377 a prime number?
True
Is 77830799 a prime number?
False
Is 7986905 a composite number?
True
Is 4294397 prime?
False
Is 638981 prime?
False
Is 105722933 a prime number?
False
Is 224320377 prime?
False
Is 3599083 prime?
True
Is 5504557 a prime number?
True
Is 9869609 a prime number?
True
Is 1534621 prime?
False
Is 184985 prime?
False
Is 1822981 a composite number?
False
Is 1926601 prime?
True
Is 195439 composite?
True
Is 110613403 prime?
True
Is 124524887 a prime number?
False
Is 343595731 a composite number?
False
Is 21522491 a prime number?
True
Is 75080903 prime?
True
Is 4172651 composite?
True
Is 1296661 prime?
False
Is 16745933 a composite number?
True
Is 147243 a composite number?
True
Is 90849077 composite?
True
Is 791051 prime?
False
Is 3955901 a composite number?
True
Is 8851597 composite?
False
Is 11311453 a composite number?
False
Is 2692709 composite?
False
Is 13696621 composite?
True
Is 722879 prime?
False
Is 19107581 prime?
True
Is 546875801 composite?
True
Is 4467851 composite?
False
Is 158487677 prime?
True
Is 16752457 composite?
True
Is 41262799 a composite number?
True
Is 11983417 a prime number?
True
Is 8599003 prime?
False
Is 3783797 prime?
True
Is 164488921 a prime number?
True
Is 373653263 a composite number?
False
Is 7491893 a composite number?
False
Is 6528737 composite?
False
Is 131211089 a prime number?
True
Is 46933679 prime?
False
Is 1189340267 prime?
True
Is 31106899 composite?
True
Is 270001549 composite?
False
Is 960324411 composite?
True
Is 15320843 composite?
True
Is 155208569 a prime number?
True
Is 74822743 prime?
True
Is 14018569 a prime number?
False
Is 6358471 a prime number?
False
Is 125147833 a composite number?
False
Is 330197887 a composite number?
True
Is 2202821 a composite number?
True
Is 926351 composite?
False
Is 1739653 a prime number?
True
Is 22531381 a prime number?
True
Is 45623 a prime number?
False
Is 277447967 a prime number?
False
Is 102077909 a prime number?
True
Is 2794949 a prime number?
False
Is 38143379 a composite number?
True
Is 5158357 prime?
True
Is 4082557 composite?
True
Is 315398159 a composite number?
False
Is 1744027 a prime number?
True
Is 33331303 a composite number?
False
Is 76681433 composite?
True
Is 9551677 a prime number?
True
Is 161521 composite?
False
Is 103306679 a prime number?
False
Is 330137 a prime number?
False
Is 20284031 a prime number?
True
Is 1300781 a composite number?
False
Is 384756059 a prime number?
True
Is 1783367 composite?
True
Is 248047 prime?
False
Is 824314 composite?
True
Is 1119819 a prime number?
False
Is 2028931 composite?
False
Is 43663757 a prime number?
False
Is 1801381 a prime number?
False
Is 13001327 prime?
False
Is 11714739 a composite number?
True
Is 687155299 prime?
True
Is 235661 prime?
True
Is 308041287 a composite number?
True
Is 159235303 a prime number?
False
Is 1049953 a composite number?
False
Is 140975837 a prime number?
False
Is 15678457 a composite number?
True
Is 49619347 a composite number?
True
Is 2615209 a prime number?
True
Is